7
What are the prime factors of 204112526?
2, 73, 1398031
List the prime factors of 17038149.
3, 5679383
What are the prime factors of 710495389?
29, 24499841
What are the prime factors of 18557718?
2, 3, 19, 162787
List the prime factors of 452998870.
2, 5, 691, 65557
What are the prime factors of 183044615?
5, 13, 31, 90841
What are the prime factors of 2147218209?
3, 238579801
List the prime factors of 55659314.
2, 71, 391967
What are the prime factors of 671674?
2, 167, 2011
List the prime factors of 1204201364.
2, 301050341
List the prime factors of 582130642.
2, 293, 993397
List the prime factors of 829042651.
241, 3440011
What are the prime factors of 88827613?
7, 1217, 10427
What are the prime factors of 225596558?
2, 11, 23, 211, 2113
List the prime factors of 191280641.
43, 439, 10133
What are the prime factors of 46712021?
643, 72647
What are the prime factors of 754996946?
2, 11, 34318043
What are the prime factors of 36695402?
2, 1039, 17659
What are the prime factors of 582486531?
3, 11, 163, 108289
List the prime factors of 194822678.
2, 139, 700801
List the prime factors of 575234227.
29, 37, 536099
What are the prime factors of 21340233?
3, 790379
List the prime factors of 19770214.
2, 149, 66343
List the prime factors of 3530140024.
2, 1361, 324223
What are the prime factors of 160478839?
1187, 135197
List the prime factors of 31408325.
5, 13, 241, 401
What are the prime factors of 157704294?
2, 3, 11, 19, 6619
List the prime factors of 1445485440.
2, 3, 5, 7, 131, 821
List the prime factors of 181863555.
3, 5, 43, 281959
List the prime factors of 1151650.
2, 5, 31, 743
List the prime factors of 95588927.
7, 13655561
List the prime factors of 76753504.
2, 17, 199, 709
What are the prime factors of 291377652?
2, 3, 41, 449, 1319
List the prime factors of 7805790.
2, 3, 5, 43, 2017
List the prime factors of 4457745463.
4457745463
List the prime factors of 38320328.
2, 73, 65617
List the prime factors of 996162154.
2, 13, 23, 1665823
What are the prime factors of 2120249688?
2, 3, 109, 810493
List the prime factors of 327983782.
2, 7, 31, 733, 1031
What are the prime factors of 69184606?
2, 227, 152389
What are the prime factors of 18574590?
2, 3, 5, 19, 32587
List the prime factors of 111930100.
2, 5, 103, 10867
What are the prime factors of 3672560?
2, 5, 29, 1583
What are the prime factors of 799239940?
2, 5, 19, 1381, 1523
What are the prime factors of 84278749?
179, 470831
List the prime factors of 47347209.
3, 7, 13, 4447
What are the prime factors of 366292913?
7, 52327559
List the prime factors of 77548582.
2, 38774291
List the prime factors of 1474754256.
2, 3, 41, 53, 1571
What are the prime factors of 3818345728?
2, 14915413
What are the prime factors of 296464636?
2, 13, 61, 93463
What are the prime factors of 65920359?
3, 21973453
List the prime factors of 1648109285.
5, 17, 47, 61, 6763
List the prime factors of 545372559.
3, 7307, 8293
What are the prime factors of 237469850?
2, 5, 47, 101051
What are the prime factors of 109385336?
2, 653, 20939
What are the prime factors of 752340466?
2, 9619, 39107
List the prime factors of 1834203850.
2, 5, 127, 288851
What are the prime factors of 1477956202?
2, 757, 976193
List the prime factors of 375375598.
2, 13, 14437523
List the prime factors of 508076179.
13, 53, 737411
What are the prime factors of 1060436284?
2, 19, 127, 181, 607
List the prime factors of 298017293.
7, 17, 2504347
What are the prime factors of 40239720?
2, 3, 5, 19, 37, 53
List the prime factors of 8384957.
7, 43, 89, 313
List the prime factors of 1510224511.
73, 20688007
List the prime factors of 5412235.
5, 1082447
What are the prime factors of 48495837?
3, 13, 1243483
List the prime factors of 1562742124.
2, 390685531
What are the prime factors of 1537180648?
2, 192147581
What are the prime factors of 1061207119?
7, 151601017
What are the prime factors of 1138325028?
2, 3, 94860419
List the prime factors of 4094046503.
4094046503
What are the prime factors of 53568436?
2, 13392109
What are the prime factors of 3212461918?
2, 211, 7612469
List the prime factors of 2241392983.
383, 5852201
What are the prime factors of 50823265?
5, 139, 73127
What are the prime factors of 199493756?
2, 7, 11, 47, 13781
What are the prime factors of 4862420017?
7, 13, 19, 503, 5591
List the prime factors of 664806149.
7, 941, 100927
What are the prime factors of 34910003?
34910003
List the prime factors of 122510902.
2, 61255451
What are the prime factors of 759270088?
2, 7351, 12911
List the prime factors of 85927111.
71, 1210241
What are the prime factors of 51303193?
887, 57839
What are the prime factors of 2400923?
7, 342989
List the prime factors of 636450339.
3, 7, 41, 739199
List the prime factors of 15429338.
2, 7714669
What are the prime factors of 161717961?
3, 53905987
What are the prime factors of 1229589604?
2, 167, 1840703
What are the prime factors of 3073295261?
41, 2417, 31013
List the prime factors of 24965885.
5, 7, 713311
List the prime factors of 292744963.
7, 5974387
What are the prime factors of 26644578?
2, 3, 4440763
What are the prime factors of 248994875?
5, 1991959
List the prime factors of 115530549.
3, 503, 76561
List the prime factors of 9236836.
2, 7, 73, 4519
List the prime factors of 108942406.
2, 3541, 15383
What are the prime factors of 9879425?
5, 139, 2843
List the prime factors of 6706153914.
2, 3, 17, 65746607
List the prime factors of 45070331.
45070331
What are the prime factors of 1711331006?
2, 7, 11, 29, 31, 47, 263
What are the prime factors of 520516438?
2, 13, 17, 19, 61981
What are the prime factors of 265314228?
2, 3, 769, 28751
List the prime factors of 6652494196.
2, 17, 41, 607, 3931
What are the prime factors of 159206198?
2, 41, 313, 6203
List the prime factors of 418562208.
2, 3, 484447
List the prime factors of 1742896003.
263, 6626981
List the prime factors of 4322668461.
3, 23, 62647369
List the prime factors of 2382927209.
13, 14100161
List the prime factors of 180989111.
5923, 30557
List the prime factors of 783866831.
11, 19, 3750559
What are the prime factors of 1419932756?
2, 11, 43, 233, 3221
What are the prime factors of 6694366700?
2, 5, 7, 2591, 3691
List the prime factors of 185915864.
2, 4111, 5653
List the prime factors of 94751925.
3, 5, 1033, 1223
What are the prime factors of 92973166?
2, 11, 13, 325081
List the prime factors of 3747138841.
3747138841
List the prime factors of 470097812.
2, 117524453
What are the prime factors of 96160029?
3, 7, 59, 77611
What are the prime factors of 306591963?
3, 103, 349, 2843
List the prime factors of 1170028717.
11, 13, 2767, 2957
List the prime factors of 1278350954.
2, 227, 1109, 2539
What are the prime factors of 21454838?
2, 19, 29, 19469
List the prime factors of 862949680.
2, 5, 10786871
List the prime factors of 68506714.
2, 31, 1104947
What are the prime factors of 628293657?
3, 209431219
List the prime factors of 4406291367.
3, 1468763789
What are the prime factors of 811675691?
173, 4691767
What are the prime factors of 409352975?
5, 73, 224303
List the prime factors of 1117368374.
2, 109, 5125543
List the prime factors of 111874244.
2, 61, 458501
What are the prime factors of 31213169?
13, 2401013
List the prime factors of 207131256.
2, 3, 47, 2267
List the prime factors of 418869942.
2, 3, 1279, 54583
List the prime factors of 583855502.
2, 7331, 39821
List the prime factors of 1128617390.
2, 5, 8677, 13007
List the prime factors of 276310587.
3, 7, 13157647
What are the prime factors of 3422841693?
3, 17, 47, 1427969
What are the prime factors of 328269997?
11, 29842727
What are the prime factors of 1179977171?
41, 1733, 16607
List the prime factors of 58799999.
71, 828169
What are the prime factors of 67317084?
2, 3, 241, 7759
List the prime factors of 782998558.
2, 31, 59, 214051
List the prime factors of 1723770510.
2, 3, 5, 7, 11, 97, 157
List the prime factors of 36489452.
2, 151, 60413
List the prime factors of 89255116.
2, 22313779
What are the prime factors of 13734784?
2, 7, 15329
List the prime factors of 197720336.
2, 11, 17, 66083
List the prime factors of 191064121.
191064121
List the prime factors of 107462567.
557, 192931
What are the prime factors of 57320701?
19, 3016879
